{"id":26,"date":"2023-01-16T19:49:14","date_gmt":"2023-01-16T19:49:14","guid":{"rendered":"http:\/\/www.czysta-tapicerka.waw.pl\/?page_id=26"},"modified":"2025-12-17T13:25:11","modified_gmt":"2025-12-17T13:25:11","slug":"kontakt","status":"publish","type":"page","link":"https:\/\/www.czysta-tapicerka.waw.pl\/index.php\/kontakt\/","title":{"rendered":"Kontakt"},"content":{"rendered":"\n<figure class=\"wp-block-table is-style-stripes has-medium-font-size\"><table><tbody><tr><td><strong>Czysta-tapicerka &#8211; pranie kanap Warszawa, pranie dywan\u00f3w Warszawa &amp; Wypo\u017cyczalnia odkurzaczy pior\u0105cych<\/strong><br>NIP 1133135426<br><a href=\"https:\/\/g.page\/r\/Cb2NOX2b4orNEBM\/review\">ul. Rechniewskiego 13\/96, 03-980 Warszawa<\/a><br>\ud83d\udcde <strong>+48 510 686 595<\/strong><\/td><td><\/td><\/tr><\/tbody><\/table><\/figure>\n\n\n\n<h2 class=\"wp-block-heading has-text-align-center\" id=\"h-napisz-do-nas\">Napisz do nas:<\/h2>\n\n\n<div class=\"wpforms-container wpforms-container-full wpforms-block wpforms-block-20090ae7-0d46-46c6-9764-565b0165abfa\" id=\"wpforms-70\"><form id=\"wpforms-form-70\" class=\"wpforms-validate wpforms-form wpforms-ajax-form\" data-formid=\"70\" method=\"post\" enctype=\"multipart\/form-data\" action=\"\/index.php\/wp-json\/wp\/v2\/pages\/26\" data-token=\"f345853cf55156c15123f03f739f6076\" data-token-time=\"1777797632\"><noscript class=\"wpforms-error-noscript\">Aby wype\u0142ni\u0107 ten formularz, w\u0142\u0105cz obs\u0142ug\u0119 JavaScript w przegl\u0105darce.<\/noscript><div class=\"wpforms-field-container\"><div id=\"wpforms-70-field_1-container\" class=\"wpforms-field wpforms-field-name\" data-field-id=\"1\"><label class=\"wpforms-field-label\" for=\"wpforms-70-field_1\">Imie i nazwisko <span class=\"wpforms-required-label\">*<\/span><\/label><input type=\"text\" id=\"wpforms-70-field_1\" class=\"wpforms-field-medium wpforms-field-required\" name=\"wpforms[fields][1]\" required><\/div><div id=\"wpforms-70-field_4-container\" class=\"wpforms-field wpforms-field-number\" data-field-id=\"4\"><label class=\"wpforms-field-label\" for=\"wpforms-70-field_4\">Nr. telefonu <span class=\"wpforms-required-label\">*<\/span><\/label><input type=\"number\" id=\"wpforms-70-field_4\" class=\"wpforms-field-medium wpforms-field-required\" name=\"wpforms[fields][4]\" step=\"any\" required><\/div><div id=\"wpforms-70-field_3-container\" class=\"wpforms-field wpforms-field-email\" data-field-id=\"3\"><label class=\"wpforms-field-label\" for=\"wpforms-70-field_3\">Email <span class=\"wpforms-required-label\">*<\/span><\/label><input type=\"email\" id=\"wpforms-70-field_3\" class=\"wpforms-field-medium wpforms-field-required\" name=\"wpforms[fields][3]\" spellcheck=\"false\" required><\/div><div id=\"wpforms-70-field_2-container\" class=\"wpforms-field wpforms-field-textarea\" data-field-id=\"2\"><label class=\"wpforms-field-label\" for=\"wpforms-70-field_2\">Wiadomo\u015b\u0107 <span class=\"wpforms-required-label\">*<\/span><\/label><textarea id=\"wpforms-70-field_2\" class=\"wpforms-field-medium wpforms-field-required\" name=\"wpforms[fields][2]\" required><\/textarea><\/div><\/div><!-- .wpforms-field-container --><div class=\"wpforms-submit-container\" ><input type=\"hidden\" name=\"wpforms[id]\" value=\"70\"><input type=\"hidden\" name=\"page_title\" value=\"\"><input type=\"hidden\" name=\"page_url\" value=\"https:\/\/www.czysta-tapicerka.waw.pl\/index.php\/wp-json\/wp\/v2\/pages\/26\"><input type=\"hidden\" name=\"url_referer\" value=\"\"><button type=\"submit\" name=\"wpforms[submit]\" id=\"wpforms-submit-70\" class=\"wpforms-submit\" data-alt-text=\"Wysy\u0142anie...\" data-submit-text=\"Wy\u015blij\" aria-live=\"assertive\" value=\"wpforms-submit\">Wy\u015blij<\/button><img loading=\"lazy\" decoding=\"async\" src=\"https:\/\/www.czysta-tapicerka.waw.pl\/wp-content\/plugins\/wpforms-lite\/assets\/images\/submit-spin.svg\" class=\"wpforms-submit-spinner\" style=\"display: none;\" width=\"26\" height=\"26\" alt=\"Wczytywanie\"><\/div><\/form><\/div>  <!-- .wpforms-container -->\n\n\n<center><iframe src=\"https:\/\/www.google.com\/maps\/embed?pb=!1m18!1m12!1m3!1d9775.163928431755!2d21.092324978362935!3d52.2290151603136!2m3!1f0!2f0!3f0!3m2!1i1024!2i768!4f13.1!3m3!1m2!1s0x25e596fccb96751f%3A0xcd8ae29b7d398dbd!2sCzysta-tapicerka%20-%20pranie%20kanap%20Warszawa%2C%20pranie%20dywan%C3%B3w%20Warszawa%20%26%20Wypo%C5%BCyczalnia%20odkurzaczy%20pior%C4%85cych!5e0!3m2!1spl!2spl!4v1765977164656!5m2!1spl!2spl\" width=\"1200\" height=\"450\" style=\"border:0;\" allowfullscreen=\"\" loading=\"lazy\" referrerpolicy=\"no-referrer-when-downgrade\"><\/iframe><\/center>\n","protected":false},"excerpt":{"rendered":"<p>Czysta-tapicerka &#8211; pranie kanap Warszawa, pranie dywan\u00f3w Warszawa &amp; Wypo\u017cyczalnia odkurzaczy pior\u0105cychNIP 1133135426ul. Rechniewskiego 13\/96, 03-980 Warszawa\ud83d\udcde +48 510 686 595 Napisz do nas:<\/p>\n","protected":false},"author":2,"featured_media":37,"parent":0,"menu_order":0,"comment_status":"closed","ping_status":"closed","template":"","meta":{"_monsterinsights_skip_tracking":false,"_monsterinsights_sitenote_active":false,"_monsterinsights_sitenote_note":"","_monsterinsights_sitenote_category":0,"_uf_show_specific_survey":0,"_uf_disable_surveys":false,"_kad_post_transparent":"","_kad_post_title":"","_kad_post_layout":"","_kad_post_sidebar_id":"","_kad_post_content_style":"","_kad_post_vertical_padding":"","_kad_post_feature":"","_kad_post_feature_position":"","_kad_post_header":false,"_kad_post_footer":false,"_kad_post_classname":"","footnotes":""},"class_list":["post-26","page","type-page","status-publish","has-post-thumbnail","hentry"],"yoast_head":"<!-- This site is optimized with the Yoast SEO Premium plugin v23.5 (Yoast SEO v27.4) - https:\/\/yoast.com\/product\/yoast-seo-premium-wordpress\/ -->\n<title>Pranie dywan\u00f3w - tapicerki - materac\u00f3w Warszawa i okolice Dojazd<\/title>\n<meta name=\"description\" content=\"Pranie dywan\u00f3w - Pranie tapicerki meblowej - Pranie wyk\u0142adzin - Pranie materac\u00f3w - Warszawa i okolice Dojazd. Najwy\u017csza jako\u015b\u0107\" \/>\n<meta name=\"robots\" content=\"index, follow, max-snippet:-1, max-image-preview:large, max-video-preview:-1\" \/>\n<link rel=\"canonical\" href=\"https:\/\/www.czysta-tapicerka.waw.pl\/index.php\/kontakt\/\" \/>\n<meta property=\"og:locale\" content=\"pl_PL\" \/>\n<meta property=\"og:type\" content=\"article\" \/>\n<meta property=\"og:title\" content=\"Kontakt\" \/>\n<meta property=\"og:description\" content=\"Pranie dywan\u00f3w - Pranie tapicerki meblowej - Pranie wyk\u0142adzin - Pranie materac\u00f3w - Warszawa i okolice Dojazd. Najwy\u017csza jako\u015b\u0107\" \/>\n<meta property=\"og:url\" content=\"https:\/\/www.czysta-tapicerka.waw.pl\/index.php\/kontakt\/\" \/>\n<meta property=\"og:site_name\" content=\"Czysta-tapicerka\" \/>\n<meta property=\"article:publisher\" content=\"https:\/\/www.facebook.com\/profile.php?id=100090025699514\" \/>\n<meta property=\"article:modified_time\" content=\"2025-12-17T13:25:11+00:00\" \/>\n<meta property=\"og:image\" content=\"https:\/\/www.czysta-tapicerka.waw.pl\/wp-content\/uploads\/2023\/01\/dywany.png\" \/>\n\t<meta property=\"og:image:width\" content=\"585\" \/>\n\t<meta property=\"og:image:height\" content=\"401\" \/>\n\t<meta property=\"og:image:type\" content=\"image\/png\" \/>\n<meta name=\"twitter:card\" content=\"summary_large_image\" \/>\n<meta name=\"twitter:label1\" content=\"Szacowany czas czytania\" \/>\n\t<meta name=\"twitter:data1\" content=\"1 minuta\" \/>\n<script type=\"application\/ld+json\" class=\"yoast-schema-graph\">{\"@context\":\"https:\\\/\\\/schema.org\",\"@graph\":[{\"@type\":\"WebPage\",\"@id\":\"https:\\\/\\\/www.czysta-tapicerka.waw.pl\\\/index.php\\\/kontakt\\\/\",\"url\":\"https:\\\/\\\/www.czysta-tapicerka.waw.pl\\\/index.php\\\/kontakt\\\/\",\"name\":\"Pranie dywan\u00f3w - tapicerki - materac\u00f3w Warszawa i okolice Dojazd\",\"isPartOf\":{\"@id\":\"https:\\\/\\\/www.czysta-tapicerka.waw.pl\\\/#website\"},\"primaryImageOfPage\":{\"@id\":\"https:\\\/\\\/www.czysta-tapicerka.waw.pl\\\/index.php\\\/kontakt\\\/#primaryimage\"},\"image\":{\"@id\":\"https:\\\/\\\/www.czysta-tapicerka.waw.pl\\\/index.php\\\/kontakt\\\/#primaryimage\"},\"thumbnailUrl\":\"https:\\\/\\\/www.czysta-tapicerka.waw.pl\\\/wp-content\\\/uploads\\\/2023\\\/01\\\/dywany.png\",\"datePublished\":\"2023-01-16T19:49:14+00:00\",\"dateModified\":\"2025-12-17T13:25:11+00:00\",\"description\":\"Pranie dywan\u00f3w - Pranie tapicerki meblowej - Pranie wyk\u0142adzin - Pranie materac\u00f3w - Warszawa i okolice Dojazd. Najwy\u017csza jako\u015b\u0107\",\"breadcrumb\":{\"@id\":\"https:\\\/\\\/www.czysta-tapicerka.waw.pl\\\/index.php\\\/kontakt\\\/#breadcrumb\"},\"inLanguage\":\"pl-PL\",\"potentialAction\":[{\"@type\":\"ReadAction\",\"target\":[\"https:\\\/\\\/www.czysta-tapicerka.waw.pl\\\/index.php\\\/kontakt\\\/\"]}]},{\"@type\":\"ImageObject\",\"inLanguage\":\"pl-PL\",\"@id\":\"https:\\\/\\\/www.czysta-tapicerka.waw.pl\\\/index.php\\\/kontakt\\\/#primaryimage\",\"url\":\"https:\\\/\\\/www.czysta-tapicerka.waw.pl\\\/wp-content\\\/uploads\\\/2023\\\/01\\\/dywany.png\",\"contentUrl\":\"https:\\\/\\\/www.czysta-tapicerka.waw.pl\\\/wp-content\\\/uploads\\\/2023\\\/01\\\/dywany.png\",\"width\":585,\"height\":401,\"caption\":\"Pranie dywan\u00f3w\"},{\"@type\":\"BreadcrumbList\",\"@id\":\"https:\\\/\\\/www.czysta-tapicerka.waw.pl\\\/index.php\\\/kontakt\\\/#breadcrumb\",\"itemListElement\":[{\"@type\":\"ListItem\",\"position\":1,\"name\":\"Strona g\u0142\u00f3wna\",\"item\":\"https:\\\/\\\/www.czysta-tapicerka.waw.pl\\\/\"},{\"@type\":\"ListItem\",\"position\":2,\"name\":\"Kontakt\"}]},{\"@type\":\"WebSite\",\"@id\":\"https:\\\/\\\/www.czysta-tapicerka.waw.pl\\\/#website\",\"url\":\"https:\\\/\\\/www.czysta-tapicerka.waw.pl\\\/\",\"name\":\"Czysta-tapicerka\",\"description\":\"Pranie tapicerki, dywan&oacute;w, wyk\u0142adzin i materac&oacute;w.\",\"publisher\":{\"@id\":\"https:\\\/\\\/www.czysta-tapicerka.waw.pl\\\/#organization\"},\"potentialAction\":[{\"@type\":\"SearchAction\",\"target\":{\"@type\":\"EntryPoint\",\"urlTemplate\":\"https:\\\/\\\/www.czysta-tapicerka.waw.pl\\\/?s={search_term_string}\"},\"query-input\":{\"@type\":\"PropertyValueSpecification\",\"valueRequired\":true,\"valueName\":\"search_term_string\"}}],\"inLanguage\":\"pl-PL\"},{\"@type\":\"Organization\",\"@id\":\"https:\\\/\\\/www.czysta-tapicerka.waw.pl\\\/#organization\",\"name\":\"Czysta-tapicerka\",\"url\":\"https:\\\/\\\/www.czysta-tapicerka.waw.pl\\\/\",\"logo\":{\"@type\":\"ImageObject\",\"inLanguage\":\"pl-PL\",\"@id\":\"https:\\\/\\\/www.czysta-tapicerka.waw.pl\\\/#\\\/schema\\\/logo\\\/image\\\/\",\"url\":\"https:\\\/\\\/www.czysta-tapicerka.waw.pl\\\/wp-content\\\/uploads\\\/2024\\\/09\\\/cropped-custom-logo-3.png\",\"contentUrl\":\"https:\\\/\\\/www.czysta-tapicerka.waw.pl\\\/wp-content\\\/uploads\\\/2024\\\/09\\\/cropped-custom-logo-3.png\",\"width\":500,\"height\":200,\"caption\":\"Czysta-tapicerka\"},\"image\":{\"@id\":\"https:\\\/\\\/www.czysta-tapicerka.waw.pl\\\/#\\\/schema\\\/logo\\\/image\\\/\"},\"sameAs\":[\"https:\\\/\\\/www.facebook.com\\\/profile.php?id=100090025699514\"]}]}<\/script>\n<!-- \/ Yoast SEO Premium plugin. -->","yoast_head_json":{"title":"Pranie dywan\u00f3w - tapicerki - materac\u00f3w Warszawa i okolice Dojazd","description":"Pranie dywan\u00f3w - Pranie tapicerki meblowej - Pranie wyk\u0142adzin - Pranie materac\u00f3w - Warszawa i okolice Dojazd. Najwy\u017csza jako\u015b\u0107","robots":{"index":"index","follow":"follow","max-snippet":"max-snippet:-1","max-image-preview":"max-image-preview:large","max-video-preview":"max-video-preview:-1"},"canonical":"https:\/\/www.czysta-tapicerka.waw.pl\/index.php\/kontakt\/","og_locale":"pl_PL","og_type":"article","og_title":"Kontakt","og_description":"Pranie dywan\u00f3w - Pranie tapicerki meblowej - Pranie wyk\u0142adzin - Pranie materac\u00f3w - Warszawa i okolice Dojazd. Najwy\u017csza jako\u015b\u0107","og_url":"https:\/\/www.czysta-tapicerka.waw.pl\/index.php\/kontakt\/","og_site_name":"Czysta-tapicerka","article_publisher":"https:\/\/www.facebook.com\/profile.php?id=100090025699514","article_modified_time":"2025-12-17T13:25:11+00:00","og_image":[{"width":585,"height":401,"url":"https:\/\/www.czysta-tapicerka.waw.pl\/wp-content\/uploads\/2023\/01\/dywany.png","type":"image\/png"}],"twitter_card":"summary_large_image","twitter_misc":{"Szacowany czas czytania":"1 minuta"},"schema":{"@context":"https:\/\/schema.org","@graph":[{"@type":"WebPage","@id":"https:\/\/www.czysta-tapicerka.waw.pl\/index.php\/kontakt\/","url":"https:\/\/www.czysta-tapicerka.waw.pl\/index.php\/kontakt\/","name":"Pranie dywan\u00f3w - tapicerki - materac\u00f3w Warszawa i okolice Dojazd","isPartOf":{"@id":"https:\/\/www.czysta-tapicerka.waw.pl\/#website"},"primaryImageOfPage":{"@id":"https:\/\/www.czysta-tapicerka.waw.pl\/index.php\/kontakt\/#primaryimage"},"image":{"@id":"https:\/\/www.czysta-tapicerka.waw.pl\/index.php\/kontakt\/#primaryimage"},"thumbnailUrl":"https:\/\/www.czysta-tapicerka.waw.pl\/wp-content\/uploads\/2023\/01\/dywany.png","datePublished":"2023-01-16T19:49:14+00:00","dateModified":"2025-12-17T13:25:11+00:00","description":"Pranie dywan\u00f3w - Pranie tapicerki meblowej - Pranie wyk\u0142adzin - Pranie materac\u00f3w - Warszawa i okolice Dojazd. Najwy\u017csza jako\u015b\u0107","breadcrumb":{"@id":"https:\/\/www.czysta-tapicerka.waw.pl\/index.php\/kontakt\/#breadcrumb"},"inLanguage":"pl-PL","potentialAction":[{"@type":"ReadAction","target":["https:\/\/www.czysta-tapicerka.waw.pl\/index.php\/kontakt\/"]}]},{"@type":"ImageObject","inLanguage":"pl-PL","@id":"https:\/\/www.czysta-tapicerka.waw.pl\/index.php\/kontakt\/#primaryimage","url":"https:\/\/www.czysta-tapicerka.waw.pl\/wp-content\/uploads\/2023\/01\/dywany.png","contentUrl":"https:\/\/www.czysta-tapicerka.waw.pl\/wp-content\/uploads\/2023\/01\/dywany.png","width":585,"height":401,"caption":"Pranie dywan\u00f3w"},{"@type":"BreadcrumbList","@id":"https:\/\/www.czysta-tapicerka.waw.pl\/index.php\/kontakt\/#breadcrumb","itemListElement":[{"@type":"ListItem","position":1,"name":"Strona g\u0142\u00f3wna","item":"https:\/\/www.czysta-tapicerka.waw.pl\/"},{"@type":"ListItem","position":2,"name":"Kontakt"}]},{"@type":"WebSite","@id":"https:\/\/www.czysta-tapicerka.waw.pl\/#website","url":"https:\/\/www.czysta-tapicerka.waw.pl\/","name":"Czysta-tapicerka","description":"Pranie tapicerki, dywan&oacute;w, wyk\u0142adzin i materac&oacute;w.","publisher":{"@id":"https:\/\/www.czysta-tapicerka.waw.pl\/#organization"},"potentialAction":[{"@type":"SearchAction","target":{"@type":"EntryPoint","urlTemplate":"https:\/\/www.czysta-tapicerka.waw.pl\/?s={search_term_string}"},"query-input":{"@type":"PropertyValueSpecification","valueRequired":true,"valueName":"search_term_string"}}],"inLanguage":"pl-PL"},{"@type":"Organization","@id":"https:\/\/www.czysta-tapicerka.waw.pl\/#organization","name":"Czysta-tapicerka","url":"https:\/\/www.czysta-tapicerka.waw.pl\/","logo":{"@type":"ImageObject","inLanguage":"pl-PL","@id":"https:\/\/www.czysta-tapicerka.waw.pl\/#\/schema\/logo\/image\/","url":"https:\/\/www.czysta-tapicerka.waw.pl\/wp-content\/uploads\/2024\/09\/cropped-custom-logo-3.png","contentUrl":"https:\/\/www.czysta-tapicerka.waw.pl\/wp-content\/uploads\/2024\/09\/cropped-custom-logo-3.png","width":500,"height":200,"caption":"Czysta-tapicerka"},"image":{"@id":"https:\/\/www.czysta-tapicerka.waw.pl\/#\/schema\/logo\/image\/"},"sameAs":["https:\/\/www.facebook.com\/profile.php?id=100090025699514"]}]}},"_links":{"self":[{"href":"https:\/\/www.czysta-tapicerka.waw.pl\/index.php\/wp-json\/wp\/v2\/pages\/26","targetHints":{"allow":["GET"]}}],"collection":[{"href":"https:\/\/www.czysta-tapicerka.waw.pl\/index.php\/wp-json\/wp\/v2\/pages"}],"about":[{"href":"https:\/\/www.czysta-tapicerka.waw.pl\/index.php\/wp-json\/wp\/v2\/types\/page"}],"author":[{"embeddable":true,"href":"https:\/\/www.czysta-tapicerka.waw.pl\/index.php\/wp-json\/wp\/v2\/users\/2"}],"replies":[{"embeddable":true,"href":"https:\/\/www.czysta-tapicerka.waw.pl\/index.php\/wp-json\/wp\/v2\/comments?post=26"}],"version-history":[{"count":8,"href":"https:\/\/www.czysta-tapicerka.waw.pl\/index.php\/wp-json\/wp\/v2\/pages\/26\/revisions"}],"predecessor-version":[{"id":625,"href":"https:\/\/www.czysta-tapicerka.waw.pl\/index.php\/wp-json\/wp\/v2\/pages\/26\/revisions\/625"}],"wp:featuredmedia":[{"embeddable":true,"href":"https:\/\/www.czysta-tapicerka.waw.pl\/index.php\/wp-json\/wp\/v2\/media\/37"}],"wp:attachment":[{"href":"https:\/\/www.czysta-tapicerka.waw.pl\/index.php\/wp-json\/wp\/v2\/media?parent=26"}],"curies":[{"name":"wp","href":"https:\/\/api.w.org\/{rel}","templated":true}]}}